 Let j be t(-4). Let m(y) = -3*y + 2. Let o be m(j). What is the remainder when 48 is divided by o - (-3 + -3 + 6)?
14
Suppose -11*j = -85 - 113. What is the remainder when 154 is divided by j?
10
Suppose 3*l - 3*s - 279 = 0, 4*l - 2*s + 35 = 411. What is the remainder when 281 is divided by l?
91
Suppose -2*o + 2*g = -5*o + 181, 0 = -3*o - 5*g + 169. Calculate the remainder when o is divided by 33.
30
Let r(w) = -w**2 - 32*w - 69. Suppose -5*q - 15 = -0*q. Calculate the remainder when 32 - 2*q/6 is divided by r(-29).
15
Suppose -3*q - q = -60. Suppose 3*h - 179 = -3*j + 5*h, h - 194 = -3*j. What is the remainder when ((-24)/18)/((-3)/j) is divided by q?
13
Suppose 150 = w - k, 145 = w - 35*k + 39*k. Calculate the remainder when w is divided by 32.
21
Suppose -9*f + 7*f = -128. What is the remainder when f is divided by 33?
31
Calculate the remainder when 34 is divided by (-8 - (0 + 9))*-1.
0
Let q(w) = 5*w**2 - 4. Let z be (14/(-2) - -4)*-1. Let r be (-6)/8*(-8)/z. Calculate the remainder when 62 is divided by q(r).
14
Let z = 69 + 38. Suppose 4*s + 39 = -3*y + z, y = 4*s - 52. What is the remainder when s is divided by 4?
2
Let v = -129 - -147. What is the remainder when 125 is divided by v?
17
Suppose d - 200 = 5*n, -n - d = 37 + 9. Let o = n - -94. What is the remainder when o is divided by 14?
11
Let w be 12/(-42) - (-2)/7. Let t = 28 + w. Suppose -3*s - 2*s - 2*d + t = 0, -19 = -3*s + d. What is the remainder when 9 is divided by s?
3
Calculate the remainder when 164 is divided by 9 + 2 + (-9)/1.
0
Let b = 238 - 187. Calculate the remainder when b is divided by 14.
9
Calculate the remainder when (194 - 0) + 15/(-5) is divided by 26.
9
Let p = 37 - 33. Suppose 5*q - 6 = p. Calculate the remainder when 3 is divided by q.
1
Let s be (4 - 0)*(-2)/4. Let b(a) = -4*a - 4. What is the remainder when b(s) is divided by 2?
0
Let l be 21/3*(1 - 0). Let v(a) = 2*a**3 - 10*a**2 + 9*a + 7. Let p be v(l). Calculate the remainder when p/4 + (-6)/4 is divided by 17.
14
Let a(c) = c**2 - c + 83. Let y be a(0). Let f = y - 45. Suppose -73*l = -69*l - 56. Calculate the remainder when f is divided by l.
10
Let u = -53 + 28. Let c = 30 + u. Calculate the remainder when 7 is divided by c.
2
Suppose 4*g - k - 3661 = 0, -4*k = g + 103 - 997. What is the remainder when g is divided by 15?
14
Suppose 0 = -3*s - 0*s + 57. Suppose 4*i + x - 225 = 64, 3*x - 210 = -3*i. Calculate the remainder when i is divided by s.
16
Let h(q) = 4*q**2 - 7*q + 24. Calculate the remainder when 140 is divided by h(3).
23
Let b = 16 - 8. What is the remainder when 24 - -3*(39/9 + -5) is divided by b?
6
Suppose -5*y - 83 = -393. Calculate the remainder when y is divided by 9.
8
Let w(h) = 4*h + 49. Calculate the remainder when 39 is divided by w(-9).
0
Suppose v = -16 + 14. Let r(i) be the first derivative of -4*i**2 - 2*i + 6. Calculate the remainder when 69 is divided by r(v).
13
Let u be ((0/(-2))/2)/2. Suppose u = -6*o + 4*o. Calculate the remainder when -11 + 11 - (o + -44) is divided by 15.
14
Let l(k) = k**3 - 6*k**2 - 7*k + 12. Let c be l(8). Suppose -12 = -2*j - z + 16, -z = -2*j + 32. What is the remainder when (-60)/8*c/(-15) is divided by j?
12
Suppose 0 = 3*s - 4*a + 6 + 27, -2*a + 13 = -s. Let x = 11 + s. What is the remainder when 22 is divided by x?
2
Suppose l - 204 = -3*l. Calculate the remainder when l is divided by (0 + -30)/(-5)*3.
15
Let n be 2 - (4*1 - 2). Suppose -4*f - 188*y = -184*y - 8, -2 = -f + 2*y. Suppose n = -f*d - d + 129. What is the remainder when d is divided by 22?
21
Let k(g) = -4*g + 0*g**2 + 4 + g**3 - 2 - 6*g**2 - 14. Calculate the remainder when 17 is divided by k(7).
8
Suppose 67 + 633 = 5*c. Suppose -d = -5*d + c. What is the remainder when 101 is divided by d?
31
Suppose 0 = -5*c + w + 130 + 340, 0 = -5*c - 2*w + 485. What is the remainder when c is divided by 3*3/(-9)*-10?
5
Let v(d) = -10*d + 329. What is the remainder when v(30) is divided by 10?
9
Let z(f) = 13*f - 7. Let v be z(-4). Let i = -16 - v. What is the remainder when i is divided by 22?
21
Let x be ((-1)/3)/(1/(-3)). What is the remainder when 1*(68 + 2 + x) is divided by 24?
23
Let j(a) = -2*a**3 - 6*a**2 + 2*a + 2. Let t = 114 + -63. Suppose 2*y - 4 = 3*y, -5*y = -h + t. What is the remainder when j(-5) is divided by h?
30
Let x(n) = -8*n + 37. Calculate the remainder when x(-24) is divided by 21.
19
Let b = -5 - 12. Let t = b + 19. Suppose t*z - 4 = 54. Calculate the remainder when z is divided by 5.
4
Calculate the remainder when (16/24)/(5 - 1929/387) is divided by 4.
3
Let s = 1976 - -185. What is the remainder when s is divided by 103?
101
Let i(j) = -22*j - 43. What is the remainder when i(-10) is divided by 96?
81
Suppose 97 - 391 = -2*z + 2*a, -2*z = 2*a - 286. Suppose -z = -4*k - 53. Let d(y) = -2*y**2 - 23*y + 21. What is the remainder when d(-9) is divided by k?
20
Suppose 9*m = -1 + 37. Suppose 2*b - m = 2. Suppose 3*x - 63 = 3*l, 7*l - 76 = -4*x + b*l. Calculate the remainder when 77 is divided by x.
17
Let c = -132 - -237. What is the remainder when c is divided by 37?
31
Let o = 23 - 17. Suppose -o = -3*s + 18. Let t = 29 - 15. Calculate the remainder when t is divided by s.
6
Suppose -6*n + 51 = -105. What is the remainder when 85 is divided by n?
7
Let u = 2452 + -2217. Calculate the remainder when u is divided by 50.
35
Let o be (4/(-5))/((-4)/100). Let z = 20 - 14. Calculate the remainder when (-9)/12 - (-235)/o is divided by z.
5
Let v = -1 - -4. Suppose v*k = -5*j + 85, 2*j - k = j + 25. Suppose -6 = z - j. Calculate the remainder when z is divided by 4.
2
Let s(v) = 7*v - 14. Let t be s(3). Let u(l) = 8*l**2 + l + 6. What is the remainder when u(t) is divided by 58?
57
Let r(b) = 2*b**3 + 4*b**2 - 4. Let o be r(3). Let j be -2 - -63 - 3/3. Let s = o - j. Calculate the remainder when s is divided by 9.
8
Let a(q) = -q + 10 + 5*q - 5. Calculate the remainder when 24 is divided by a(2).
11
Let d = -11 - -16. Suppose -3*a + 20 = d*m, -2*m + 2 = a - 6. What is the remainder when 15 is divided by m?
3
Let i(r) = 19*r + 301. Calculate the remainder when i(0) is divided by 76.
73
Suppose x - 2*b = 38, -3*b - 74 = -x - 32. What is the remainder when 47 is divided by x?
17
Let l(o) = 2*o - 13. Let h be l(4). Calculate the remainder when (0 + -2)*(-35)/2 is divided by (-87)/h + 51/85.
17
What is the remainder when 185 is divided by ((-117)/156)/(2/144*-2)?
23
Let z be 30/(-45) - (-5)/3. What is the remainder when (37/(-74))/(z/(-542)) is divided by 39?
37
Let s(h) = -h**3 - 4*h**2 - 6*h + 1. Calculate the remainder when 21 is divided by s(-3).
1
Let a be (260/15)/(2/90). Suppose 2*z + 3*z = a. Suppose 8*s - 12*s + z = 0. Calculate the remainder when s is divided by 10.
9
Suppose 2190 + 1110 = 110*s. What is the remainder when 325 is divided by s?
25
Let f be 3/2*56/21. Suppose -f*b - 27 = -5*m, 3*b = b + 5*m - 11. Let x = 1 - b. What is the remainder when 17 is divided by x?
8
Suppose -5*y + 361 = 4*k, -3*y = -4*k + 6*k - 179. Calculate the remainder when k is divided by 14.
10
Let m = -925 + 1060. Calculate the remainder when m is divided by 34.
33
Let d(w) = 2*w**2 + 1. Let b be (-2 + 4)/(2/14). Let h = b - 8. What is the remainder when h is divided by d(-1)?
0
Let d = -3 - -6. Suppose d*p + 32 = 161. Let y = p - 24. What is the remainder when y is divided by 11?
8
Let m(g) = -g**2 + 33*g + 96. Calculate the remainder when m(29) is divided by 27.
23
Let n = -936 + 1029. What is the remainder when 126 is divided by n?
33
Let w(l) = 17*l - 44. Let o(f) = 2*f - 1. What is the remainder when o(7) is divided by w(3)?
6
Let j(f) = -f**3 + 9*f**2 - 10*f - 10. Suppose 0 = 2*a + 5*c + 1, 5*a + 4*c = 23. Calculate the remainder when 52 is divided by j(a).
16
Let a = 11 + -6. What is the remainder when 14 is divided by a?
4
What is the remainder when 479 is divided by (5589/(-162))/((-1)/2)?
65
Let y(n) = 14*n + 92. What is the remainder when y(-5) is divided by 6?
4
Suppose 5*a + 3*r - 25 - 2 = 0, -a + 1 = 5*r. Let h(z) = z**2 - 4*z + 8. Let u be h(-6). Suppose -u = i - 5*i. What is the remainder when i is divided by a?
5
Let b(w) = 19*w - 148. What is the remainder when 40 is divided by b(8)?
0
Calculate the remainder when 18/3*(-2418)/(-117) is divided by 4.
0
Let i